ulate the remainder when 60 is divided by p.
12
Suppose o + 2*o - 115 = -4*w, 4*o = 4*w + 200. What is the remainder when 79 is divided by o?
34
Let o(u) = -11*u - 6. Let j be o(-6). Suppose -5*l + j - 20 = 0. What is the remainder when ((-2)/2 - 207/(-81))/(25/225) is divided by l?
6
Let c(p) = 16*p**2 + 3*p - 6. Suppose 4*o = -o + 4*k + 31, -3*o + 21 = -3*k. What is the remainder when c(o) is divided by 30?
27
Calculate the remainder when 142 + (-13 - -19) + 5 is divided by 42.
27
Calculate the remainder when (-233)/(-3) - ((-10)/(-6))/(-5) is divided by 24.
6
Let y(r) = r**3 - 21*r**2 + 20*r + 2. Let d be y(20). Let n = 37 + d. Calculate the remainder when n is divided by (-3)/((-15)/2)*35.
11
Let w be 1 + (2 - 1) + 21. Suppose -27*f + w*f = -4. What is the remainder when 3 is divided by f?
0
Let v = 2 - -1. Let j(b) = b + 3. Calculate the remainder when 9 is divided by j(v).
3
Suppose 0 = 2*o + 5*m + 1 - 369, -3*m = 5*o - 958. Calculate the remainder when o is divided by 64.
2
Suppose w - 151 = -2*p - p, -2 = -p. Calculate the remainder when w is divided by 49.
47
Let m(d) = 3*d**3 - 6*d**2 + d - 3. Let y = 9 - 6. Calculate the remainder when 161 is divided by m(y).
26
Let q = -547 - -674. Calculate the remainder when 225 is divided by q.
98
Suppose 50 = 22*n + 6. Calculate the remainder when 6 is divided by n.
0
Let t = 93 + -56. Suppose -2*h = -4*c - 30, -9 = -3*c - 0*c. What is the remainder when t is divided by h?
16
Suppose g = d - 26, -g - 1 = d - 29. Suppose 2*i + 49 = -2*p + 199, -4*i + 305 = -p. Calculate the remainder when i is divided by d.
22
Let q(o) = 2*o**3 + 15*o**2 + 6*o + 33. Calculate the remainder when q(-6) is divided by 9.
6
Let y(i) = i**2 - 3*i + 23. Let p(o) = o**3 + 13*o**2 + 10. Let f be p(-13). Suppose -v = -3*v + 48. What is the remainder when y(f) is divided by v?
21
Let t(k) = -5 - 59*k + 53*k + 0. Let c be t(-2). Suppose -3*r + c*r - 148 = 0. What is the remainder when r is divided by 10?
7
Let k(x) = -2*x**3 - x**2 + 5*x - 3. What is the remainder when 129 is divided by k(-3)?
21
Suppose -i - 16 = 14*w - 15*w, 4*w + 2*i - 40 = 0. Calculate the remainder when 165 is divided by w.
9
Let k(a) = a**2 - a - 16. Let u be 17/(-17)*7*-1. Calculate the remainder when 181 is divided by k(u).
25
Let f(v) = v**2 + 3*v - 6. Let y be f(-6). Calculate the remainder when 178*(4 - 21/6) is divided by y/(-5)*25/(-2).
29
Suppose 0 = -3*f + 6*f - 120. Let k = f - 12. Calculate the remainder when 165 is divided by k.
25
Suppose i = 11 - 7. Suppose i*v + 3*p = 3*v + 18, 0 = 3*v - 5*p - 68. What is the remainder when 165 is divided by v?
18
Let q(a) = -a**3 - 5*a**2 - 2*a - 4. Suppose 3*d - 4 = 2. Suppose -o - 22 = -d*o. What is the remainder when o is divided by q(-5)?
4
Let d = 126 + -87. Let r = 101 - d. Calculate the remainder when r is divided by 21.
20
Suppose 140 + 206 = 2*u. What is the remainder when u is divided by 54?
11
Suppose -2*t - 4*m + 22 = 0, -5*t + 88 = -5*m - 12. Suppose -x + t = -0*x. What is the remainder when 49 is divided by x?
15
Suppose 2*q - 146 = i - 5*i, 4*q - 152 = -4*i. What is the remainder when 97 is divided by i?
27
Suppose 2*g = -21*k + 17*k + 382, 211 = 2*k - 3*g. Calculate the remainder when 978 is divided by k.
96
Let z(s) = -s**3 + 18*s**2 + 24*s + 44. Calculate the remainder when z(19) is divided by 52.
35
Let l = 11 - -7. What is the remainder when 19 is divided by l?
1
Suppose -374 - 2472 = -35*y - 46. Let t(u) = -4*u + 3. Let a be -2*2/4 + -5. What is the remainder when y is divided by t(a)?
26
Let i(g) = g**2 - 20. Let k(j) = 3*j**2 - 40. Let m(w) = -5*i(w) + 2*k(w). Let u = 3 - 3. Calculate the remainder when 37 is divided by m(u).
17
Let i be 7/(2/4*-2). Let j = i - -14. Let m(h) = -h + 24. What is the remainder when m(0) is divided by j?
3
Suppose 3*l + 263 = 4*x, -7*x + l = -2*x - 326. Calculate the remainder when 116 is divided by x.
51
Let s(b) = 2*b - 10. Let o be s(7). Suppose 414 = o*m - 2*k, -m - 3*k + 100 = -0*k. Let v = -61 + m. Calculate the remainder when v is divided by 11.
9
Let p = 687 - 674. Calculate the remainder when 37 is divided by p.
11
Suppose -2*i = 4*f + 8, -i - 3*i - 13 = 5*f. Suppose -4*s = -65 - 3. Calculate the remainder when i/1*(-67)/2 is divided by s.
16
Suppose 0 = 25*v + 14*v - 156. Calculate the remainder when v is divided by 3.
1
Let l(o) = -2*o**3 - 5*o**2 - 19*o - 47. What is the remainder when 53 is divided by l(-3)?
15
Let z(g) = -g + 16. Suppose 3*w = -4*d + 20, 5*w = -2*d + 3*d - 28. What is the remainder when d is divided by z(10)?
2
Let l(y) = y**3 - 8*y**2 + 23*y - 26. What is the remainder when 319 is divided by l(6)?
39
Let m(p) = p**3 - 15*p**2 - 24*p + 11. Calculate the remainder when m(17) is divided by 13.
12
Suppose 20*k + k - 3696 = 0. What is the remainder when k is divided by 83?
10
Let o = -2 - 0. Suppose 3*b + 14 = 5, -m + 2*b + 21 = 0. Calculate the remainder when m is divided by o/4 + 51/6.
7
Suppose -x - x + 4 = 0. Suppose -2*h + 49 = -83. Suppose p = -x*p + h. What is the remainder when 64 is divided by p?
20
Suppose -2*o + 4*y + 57 + 19 = 0, 5*o - 165 = 5*y. Calculate the remainder when 8/12 + 488/6 is divided by o.
26
Let u = 349 - 338. Let s = -27 + 43. Calculate the remainder when s is divided by u.
5
Let y = 0 + 5. Let v(t) = t**3. Let w be v(0). Suppose 5*x + 3*g - 81 = w, -5*x + 8 = -5*g - 97. Calculate the remainder when x is divided by y.
3
Let q(a) = -a**2 - a + 15. Let k be q(0). Let x(n) = -n**2 + 7*n - 2. Let y be x(6). Let o = k - y. Calculate the remainder when 32 is divided by o.
10
Let n be 40/(-10) - (0 - 6). Let g(j) = 74*j**2 - j. Let c be g(1). Suppose -n*z = -c - 9. Calculate the remainder when z is divided by 21.
20
Suppose 0 = 32*z - 18*z - 364. What is the remainder when z is divided by 10?
6
Suppose 33*i + 4*n = 38*i - 816, 325 = 2*i - 3*n. Calculate the remainder when i is divided by 55.
54
Suppose -30*x = -697 - 4673. Calculate the remainder when x is divided by 18.
17
Suppose -8*m - 744 = -16*m. Suppose m - 126 = -3*w. Calculate the remainder when 18 is divided by w.
7
Let o(j) = j**3 - 7*j**2 - 9*j - 12. Let f(b) = 3*b - 33. Let l = -29 + 46. Calculate the remainder when o(9) is divided by f(l).
15
Let w be (15/9)/((-1)/(-111)). Suppose o = -22 - w. Calculate the remainder when 68 is divided by (2/3)/((-6)/o).
22
Let q = -321 + 342. Calculate the remainder when 47 is divided by q.
5
Suppose 4*d = 3*b + 2*d - 67, 5*d - 20 = 0. What is the remainder when 446 is divided by b?
21
Suppose -6 = 4*f + 2. Let u(s) = -36*s - 59 + 28 + 26. Calculate the remainder when u(f) is divided by 17.
16
Suppose -36*t + 3754 = -3662. What is the remainder when t is divided by 70?
66
Suppose -4*k - 106 = -6*k. Let m = k - -69. Calculate the remainder when m is divided by 25.
22
Suppose 5*o - 9 = 71. Suppose -5*z = -25 - 20. Suppose 2*l - o = 4*s, -l + z = -0*l - 3*s. Calculate the remainder when 19 is divided by l.
1
Let h(i) = 3*i**2 - 65*i - 16. What is the remainder when h(25) is divided by 14?
10
Suppose -4*h = 2*o + 2, -5*o + 4 + 5 = 3*h. Suppose 0 = -0*r - o*r + 273. What is the remainder when r is divided by 31?
29
Suppose 136*x - 133*x = 141. What is the remainder when 266 is divided by x?
31
Let a(d) = d**2 + 6*d - 7. Let i be a(-8). Let k = -5 + i. Suppose 0 = z - 113 - k. What is the remainder when z is divided by 30?
27
Let m(a) = a**3 - 12*a**2 - 13*a + 19. Calculate the remainder when 62 is divided by m(13).
5
Calculate the remainder when (15/(-10))/((-27)/2556) is divided by 11.
10
Let h be (-207)/(-1) + (9 - 14). Calculate the remainder when -1 + 3/2 + h/4 is divided by 27.
24
Let f(k) = 10*k - 19. Let u be f(5). Suppose -2*r - 3*s = -82, -2*r + 55 = s - u. What is the remainder when r is divided by 15?
14
Let s(w) = -10*w + 86. Let v be s(7). Suppose -v*y = -42 - 278. Calculate the remainder when 73 is divided by y.
13
Suppose 391*i = 386*i + 300. Calculate the remainder when i is divided by 33.
27
Suppose -13*v = -12*v - 4. Suppose -203 - 73 = -v*n. Calculate the remainder when n is divided by 14.
13
Let w(x) = -x**3 - x**2 - x + 228. Let q be w(0). Suppose 4*c - q = 296. Calculate the remainder when c is divided by 1339/39 + 40/(-30).
32
Let s = 53 + -32. Suppose 289*z = 281*z + 984. What is t